{"id":5,"date":"2015-08-05T16:57:02","date_gmt":"2015-08-05T14:57:02","guid":{"rendered":"http:\/\/registre-tumeurs-29.fr\/?page_id=5"},"modified":"2024-06-21T11:16:12","modified_gmt":"2024-06-21T09:16:12","slug":"definition-et-objectifs-dun-registre","status":"publish","type":"page","link":"https:\/\/registre-tumeurs-29.fr\/Accueil\/les-registres-des-cancers-en-france\/definition-et-objectifs-dun-registre\/","title":{"rendered":"D\u00e9finition et objectifs d&rsquo;un registre"},"content":{"rendered":"<p style=\"text-align: justify;\">Un registre assure \u00ab un recueil continu et exhaustif de donn\u00e9es nominatives int\u00e9ressant un ou plusieurs \u00e9v\u00e9nements de sant\u00e9 dans une population g\u00e9ographiquement d\u00e9finie, \u00e0 des fins de recherche et de sant\u00e9 publique, par une \u00e9quipe ayant les comp\u00e9tences appropri\u00e9es \u00bb. Les registres des cancers constituent \u00e0 pr\u00e9sent un dispositif indispensable \u00e0 la surveillance des cancers mais aussi \u00e0 l\u2019observation et \u00e0 l\u2019\u00e9valuation des prises en charge.<\/p>\n<p style=\"text-align: justify;\">Il estime de fa\u00e7on r\u00e9guli\u00e8re l\u2019incidence et la pr\u00e9valence des cancers, l\u2019\u00e9volution de ces fr\u00e9quences dans le temps et selon des caract\u00e9ristiques g\u00e9ographiques et d\u00e9mographiques. L\u2019\u00e9pid\u00e9miologie descriptive est un domaine de recherche fondamental compte tenu de l\u2019\u00e9volution croissante de l\u2019incidence des cancers li\u00e9 au vieillissement de la population, des disparit\u00e9s g\u00e9ographiques de la fr\u00e9quence des cancers, de l&rsquo;\u00e9volution des modes de prise en charge. Elle est indispensable \u00e0 la veille sanitaire et \u00e0 la planification du syst\u00e8me de soins.<\/p>\n<p style=\"text-align: justify;\">Ces donn\u00e9es permettent \u00e9galement une recherche de qualit\u00e9 dans les domaines de l\u2019\u00e9pid\u00e9miologie clinique (\u00e9tudes de survie et \u00e9valuation des facteurs pronostiques des cancers) et de l\u2019\u00e9pid\u00e9miologie \u00e9tiologique (identification des facteurs de risque des cancers). Elles permettent enfin\u00a0d&rsquo;\u00e9valuer les programmes de d\u00e9pistage ou des pratiques de soins par rapport aux r\u00e9f\u00e9rentiels existants.<\/p>\n<p style=\"text-align: justify;\">En France, les registres font l\u2019objet d\u2019une\u00a0<b>\u00e9valuation<\/b>\u00a0par le Comit\u00e9 d&rsquo;\u00e9valuation des registres (CER). Cette proc\u00e9dure fait appel \u00e0 une expertise ind\u00e9pendante r\u00e9alis\u00e9e par des experts des registres et des th\u00e9matiques trait\u00e9es par les registres. Elle porte sur l\u2019int\u00e9r\u00eat du registre, son fonctionnement, son exhaustivit\u00e9, l\u2019ad\u00e9quation entre les moyens envisag\u00e9s ou mis en \u0153uvre et les finalit\u00e9s expos\u00e9es, et ses travaux entrepris dans le domaine de la recherche.<\/p>\n<p style=\"text-align: justify;\">Au 31 d\u00e9cembre 2023, 32 registres des cancers ont \u00e9t\u00e9 \u00e9valu\u00e9s par le CER dont\u00a0<b>27\u00a0int\u00e8grent le partenariat<\/b>\u00a0financier et scientifique \u00ab\u00a0Registres des cancers <b>Francim, Hospices civils de Lyon<\/b>\u00a0(HCL),\u00a0<b>Institut national du cancer<\/b>\u00a0(INCa) et\u00a0<b>Sant\u00e9 publique France\u00a0<\/b>\u00bb. Un 33<sup>e<\/sup> registre, couvrant la Corse, est en cours de qualification. Les registres des cancers envoient leurs donn\u00e9es annuellement \u00e0 une base commune, appel\u00e9e base Francim.<\/p>\n<p style=\"text-align: justify;\">Les registres des cancers peuvent \u00eatre des registres de cancers g\u00e9n\u00e9raux ou des registres de cancers sp\u00e9cialis\u00e9s\u00a0:<\/p>\n<ul>\n<li style=\"text-align: justify;\">les registres des cancers g\u00e9n\u00e9raux recueillent les informations sur toutes les localisations de cancers ;<\/li>\n<li style=\"text-align: justify;\">les registres\u00a0des cancers sp\u00e9cialis\u00e9s\u00a0recueillent les informations sur des localisations particuli\u00e8res (appareil digestif, h\u00e9mopathies malignes, sein, col ut\u00e9rus, syst\u00e8me nerveux central, thyro\u00efde) ou sur des populations particuli\u00e8res (enfants).<\/li>\n<\/ul>\n","protected":false},"excerpt":{"rendered":"<p>Un registre assure \u00ab un recueil continu et exhaustif de donn\u00e9es nominatives int\u00e9ressant un ou plusieurs \u00e9v\u00e9nements de sant\u00e9 dans une population g\u00e9ographiquement d\u00e9finie, \u00e0 des fins de recherche et de sant\u00e9 publique, par une \u00e9quipe ayant les comp\u00e9tences appropri\u00e9es \u00bb. Les registres des cancers constituent \u00e0 pr\u00e9sent un dispositif indispensable \u00e0 la surveillance des [&hellip;]<\/p>\n","protected":false},"author":1,"featured_media":0,"parent":7,"menu_order":2,"comment_status":"closed","ping_status":"closed","template":"","meta":{"rop_custom_images_group":[],"rop_custom_messages_group":[],"rop_publish_now":"initial","rop_publish_now_accounts":[],"rop_publish_now_history":[],"rop_publish_now_status":"pending","_exactmetrics_skip_tracking":false,"_exactmetrics_sitenote_active":false,"_exactmetrics_sitenote_note":"","_exactmetrics_sitenote_category":0,"footnotes":""},"class_list":["post-5","page","type-page","status-publish","hentry"],"yoast_head":"<!-- This site is optimized with the Yoast SEO plugin v26.8 - https:\/\/yoast.com\/product\/yoast-seo-wordpress\/ -->\n<title>D\u00e9finition et objectifs d&#039;un registre - REGISTRE DES TUMEURS DIGESTIVES DU FINISTERE<\/title>\n<meta name=\"robots\" content=\"index, follow, max-snippet:-1, max-image-preview:large, max-video-preview:-1\" \/>\n<link rel=\"canonical\" href=\"https:\/\/registre-tumeurs-29.fr\/Accueil\/les-registres-des-cancers-en-france\/definition-et-objectifs-dun-registre\/\" \/>\n<meta property=\"og:locale\" content=\"fr_FR\" \/>\n<meta property=\"og:type\" content=\"article\" \/>\n<meta property=\"og:title\" content=\"D\u00e9finition et objectifs d&#039;un registre - REGISTRE DES TUMEURS DIGESTIVES DU FINISTERE\" \/>\n<meta property=\"og:description\" content=\"Un registre assure \u00ab un recueil continu et exhaustif de donn\u00e9es nominatives int\u00e9ressant un ou plusieurs \u00e9v\u00e9nements de sant\u00e9 dans une population g\u00e9ographiquement d\u00e9finie, \u00e0 des fins de recherche et de sant\u00e9 publique, par une \u00e9quipe ayant les comp\u00e9tences appropri\u00e9es \u00bb. Les registres des cancers constituent \u00e0 pr\u00e9sent un dispositif indispensable \u00e0 la surveillance des [&hellip;]\" \/>\n<meta property=\"og:url\" content=\"https:\/\/registre-tumeurs-29.fr\/Accueil\/les-registres-des-cancers-en-france\/definition-et-objectifs-dun-registre\/\" \/>\n<meta property=\"og:site_name\" content=\"REGISTRE DES TUMEURS DIGESTIVES DU FINISTERE\" \/>\n<meta property=\"article:modified_time\" content=\"2024-06-21T09:16:12+00:00\" \/>\n<meta name=\"twitter:card\" content=\"summary_large_image\" \/>\n<meta name=\"twitter:label1\" content=\"Dur\u00e9e de lecture estim\u00e9e\" \/>\n\t<meta name=\"twitter:data1\" content=\"2 minutes\" \/>\n<script type=\"application\/ld+json\" class=\"yoast-schema-graph\">{\"@context\":\"https:\/\/schema.org\",\"@graph\":[{\"@type\":\"WebPage\",\"@id\":\"https:\/\/registre-tumeurs-29.fr\/Accueil\/les-registres-des-cancers-en-france\/definition-et-objectifs-dun-registre\/\",\"url\":\"https:\/\/registre-tumeurs-29.fr\/Accueil\/les-registres-des-cancers-en-france\/definition-et-objectifs-dun-registre\/\",\"name\":\"D\u00e9finition et objectifs d'un registre - REGISTRE DES TUMEURS DIGESTIVES DU FINISTERE\",\"isPartOf\":{\"@id\":\"https:\/\/registre-tumeurs-29.fr\/Accueil\/#website\"},\"datePublished\":\"2015-08-05T14:57:02+00:00\",\"dateModified\":\"2024-06-21T09:16:12+00:00\",\"breadcrumb\":{\"@id\":\"https:\/\/registre-tumeurs-29.fr\/Accueil\/les-registres-des-cancers-en-france\/definition-et-objectifs-dun-registre\/#breadcrumb\"},\"inLanguage\":\"fr-FR\",\"potentialAction\":[{\"@type\":\"ReadAction\",\"target\":[\"https:\/\/registre-tumeurs-29.fr\/Accueil\/les-registres-des-cancers-en-france\/definition-et-objectifs-dun-registre\/\"]}]},{\"@type\":\"BreadcrumbList\",\"@id\":\"https:\/\/registre-tumeurs-29.fr\/Accueil\/les-registres-des-cancers-en-france\/definition-et-objectifs-dun-registre\/#breadcrumb\",\"itemListElement\":[{\"@type\":\"ListItem\",\"position\":1,\"name\":\"Accueil\",\"item\":\"https:\/\/registre-tumeurs-29.fr\/Accueil\/\"},{\"@type\":\"ListItem\",\"position\":2,\"name\":\"Les registres des cancers en France\",\"item\":\"https:\/\/registre-tumeurs-29.fr\/Accueil\/les-registres-des-cancers-en-france\/\"},{\"@type\":\"ListItem\",\"position\":3,\"name\":\"D\u00e9finition et objectifs d&rsquo;un registre\"}]},{\"@type\":\"WebSite\",\"@id\":\"https:\/\/registre-tumeurs-29.fr\/Accueil\/#website\",\"url\":\"https:\/\/registre-tumeurs-29.fr\/Accueil\/\",\"name\":\"REGISTRE DES TUMEURS DIGESTIVES DU FINISTERE\",\"description\":\"Equipe d&#039;Accueil EA 7479 SPURBO - Soins Primaires, Sant\u00e9 Publique et Registre des cancers de Bretagne Occidentale\",\"potentialAction\":[{\"@type\":\"SearchAction\",\"target\":{\"@type\":\"EntryPoint\",\"urlTemplate\":\"https:\/\/registre-tumeurs-29.fr\/Accueil\/?s={search_term_string}\"},\"query-input\":{\"@type\":\"PropertyValueSpecification\",\"valueRequired\":true,\"valueName\":\"search_term_string\"}}],\"inLanguage\":\"fr-FR\"}]}<\/script>\n<!-- \/ Yoast SEO plugin. -->","yoast_head_json":{"title":"D\u00e9finition et objectifs d'un registre - REGISTRE DES TUMEURS DIGESTIVES DU FINISTERE","robots":{"index":"index","follow":"follow","max-snippet":"max-snippet:-1","max-image-preview":"max-image-preview:large","max-video-preview":"max-video-preview:-1"},"canonical":"https:\/\/registre-tumeurs-29.fr\/Accueil\/les-registres-des-cancers-en-france\/definition-et-objectifs-dun-registre\/","og_locale":"fr_FR","og_type":"article","og_title":"D\u00e9finition et objectifs d'un registre - REGISTRE DES TUMEURS DIGESTIVES DU FINISTERE","og_description":"Un registre assure \u00ab un recueil continu et exhaustif de donn\u00e9es nominatives int\u00e9ressant un ou plusieurs \u00e9v\u00e9nements de sant\u00e9 dans une population g\u00e9ographiquement d\u00e9finie, \u00e0 des fins de recherche et de sant\u00e9 publique, par une \u00e9quipe ayant les comp\u00e9tences appropri\u00e9es \u00bb. Les registres des cancers constituent \u00e0 pr\u00e9sent un dispositif indispensable \u00e0 la surveillance des [&hellip;]","og_url":"https:\/\/registre-tumeurs-29.fr\/Accueil\/les-registres-des-cancers-en-france\/definition-et-objectifs-dun-registre\/","og_site_name":"REGISTRE DES TUMEURS DIGESTIVES DU FINISTERE","article_modified_time":"2024-06-21T09:16:12+00:00","twitter_card":"summary_large_image","twitter_misc":{"Dur\u00e9e de lecture estim\u00e9e":"2 minutes"},"schema":{"@context":"https:\/\/schema.org","@graph":[{"@type":"WebPage","@id":"https:\/\/registre-tumeurs-29.fr\/Accueil\/les-registres-des-cancers-en-france\/definition-et-objectifs-dun-registre\/","url":"https:\/\/registre-tumeurs-29.fr\/Accueil\/les-registres-des-cancers-en-france\/definition-et-objectifs-dun-registre\/","name":"D\u00e9finition et objectifs d'un registre - REGISTRE DES TUMEURS DIGESTIVES DU FINISTERE","isPartOf":{"@id":"https:\/\/registre-tumeurs-29.fr\/Accueil\/#website"},"datePublished":"2015-08-05T14:57:02+00:00","dateModified":"2024-06-21T09:16:12+00:00","breadcrumb":{"@id":"https:\/\/registre-tumeurs-29.fr\/Accueil\/les-registres-des-cancers-en-france\/definition-et-objectifs-dun-registre\/#breadcrumb"},"inLanguage":"fr-FR","potentialAction":[{"@type":"ReadAction","target":["https:\/\/registre-tumeurs-29.fr\/Accueil\/les-registres-des-cancers-en-france\/definition-et-objectifs-dun-registre\/"]}]},{"@type":"BreadcrumbList","@id":"https:\/\/registre-tumeurs-29.fr\/Accueil\/les-registres-des-cancers-en-france\/definition-et-objectifs-dun-registre\/#breadcrumb","itemListElement":[{"@type":"ListItem","position":1,"name":"Accueil","item":"https:\/\/registre-tumeurs-29.fr\/Accueil\/"},{"@type":"ListItem","position":2,"name":"Les registres des cancers en France","item":"https:\/\/registre-tumeurs-29.fr\/Accueil\/les-registres-des-cancers-en-france\/"},{"@type":"ListItem","position":3,"name":"D\u00e9finition et objectifs d&rsquo;un registre"}]},{"@type":"WebSite","@id":"https:\/\/registre-tumeurs-29.fr\/Accueil\/#website","url":"https:\/\/registre-tumeurs-29.fr\/Accueil\/","name":"REGISTRE DES TUMEURS DIGESTIVES DU FINISTERE","description":"Equipe d&#039;Accueil EA 7479 SPURBO - Soins Primaires, Sant\u00e9 Publique et Registre des cancers de Bretagne Occidentale","potentialAction":[{"@type":"SearchAction","target":{"@type":"EntryPoint","urlTemplate":"https:\/\/registre-tumeurs-29.fr\/Accueil\/?s={search_term_string}"},"query-input":{"@type":"PropertyValueSpecification","valueRequired":true,"valueName":"search_term_string"}}],"inLanguage":"fr-FR"}]}},"jetpack_sharing_enabled":true,"_links":{"self":[{"href":"https:\/\/registre-tumeurs-29.fr\/Accueil\/wp-json\/wp\/v2\/pages\/5","targetHints":{"allow":["GET"]}}],"collection":[{"href":"https:\/\/registre-tumeurs-29.fr\/Accueil\/wp-json\/wp\/v2\/pages"}],"about":[{"href":"https:\/\/registre-tumeurs-29.fr\/Accueil\/wp-json\/wp\/v2\/types\/page"}],"author":[{"embeddable":true,"href":"https:\/\/registre-tumeurs-29.fr\/Accueil\/wp-json\/wp\/v2\/users\/1"}],"replies":[{"embeddable":true,"href":"https:\/\/registre-tumeurs-29.fr\/Accueil\/wp-json\/wp\/v2\/comments?post=5"}],"version-history":[{"count":8,"href":"https:\/\/registre-tumeurs-29.fr\/Accueil\/wp-json\/wp\/v2\/pages\/5\/revisions"}],"predecessor-version":[{"id":2307,"href":"https:\/\/registre-tumeurs-29.fr\/Accueil\/wp-json\/wp\/v2\/pages\/5\/revisions\/2307"}],"up":[{"embeddable":true,"href":"https:\/\/registre-tumeurs-29.fr\/Accueil\/wp-json\/wp\/v2\/pages\/7"}],"wp:attachment":[{"href":"https:\/\/registre-tumeurs-29.fr\/Accueil\/wp-json\/wp\/v2\/media?parent=5"}],"curies":[{"name":"wp","href":"https:\/\/api.w.org\/{rel}","templated":true}]}}