{"id":447,"date":"2015-08-07T18:11:40","date_gmt":"2015-08-07T16:11:40","guid":{"rendered":"http:\/\/registre-tumeurs-29.fr\/accueil\/?page_id=447"},"modified":"2015-09-24T21:49:42","modified_gmt":"2015-09-24T19:49:42","slug":"support-de-recueil-des-informations","status":"publish","type":"page","link":"https:\/\/registre-tumeurs-29.fr\/Accueil\/methodologie\/support-de-recueil-des-informations\/","title":{"rendered":"Contr\u00f4les de qualit\u00e9"},"content":{"rendered":"<p>Des recherches de doublons sont r\u00e9alis\u00e9es syst\u00e9matiquement \u00e0 la saisie et p\u00e9riodiquement sur l&rsquo;ensemble de la base.<\/p>\n<p>Des contr\u00f4les de coh\u00e9rence sont r\u00e9alis\u00e9s \u00e0 la saisie et p\u00e9riodiquement notamment gr\u00e2ce au logiciel d\u00e9velopp\u00e9 \u00e0 cet effet par le CIRC (IARC CHECK) et a un syst\u00e8me de v\u00e9rification propre au registre.<\/p>\n<div class=\"body-bigger\">\n<p>Les indicateurs suivants sont des crit\u00e8res g\u00e9n\u00e9ralement utilis\u00e9s pour estimer l\u2019exhaustivit\u00e9 de l\u2019enregistrement d\u2019un registre. Il est recommand\u00e9 de v\u00e9rifier l\u2019exhaustivit\u00e9 du registre \u00e0 la fin de chaque nouvelle ann\u00e9e de diagnostic\u00a0:<\/p>\n<\/div>\n<ul>\n<li>Le pourcentage de v\u00e9rification histologique, estim\u00e9 par localisation canc\u00e9reuse, permet de se comparer \u00e0 des valeurs attendues \u00e9tablies en fonction des pratiques et possibilit\u00e9s diagnostiques actuelles en Europe de l\u2019Ouest. L\u2019obtention de valeurs observ\u00e9es \u00e9lev\u00e9es confirme l\u2019obtention de certitudes histologiques pour les d\u00e9clarations des cas.<\/li>\n<\/ul>\n<ul>\n<li>Le nombre moyen de sources par cas doit tendre \u00e0 \u00eatre sup\u00e9rieur ou \u00e9gal \u00e0 3. Par principe, plus le nombre de d\u00e9clarants est \u00e9lev\u00e9, meilleure est la couverture du d\u00e9partement, en m\u00eame temps que le recoupement des donn\u00e9es permet d\u2019assurer un gain en qualit\u00e9 de l\u2019information.<\/li>\n<\/ul>\n<ul>\n<li>Le rapport mortalit\u00e9\/incidence, estim\u00e9 pour chaque\u00a0localisation tumorale\u00a0est compar\u00e9 \u00e0 celui observ\u00e9 sur l&rsquo;ensemble des registres fran\u00e7ais (Francim). Le registre doit \u00eatre capable de localiser plus (ou autant) de tumeurs qu\u2019il n\u2019y a de d\u00e9c\u00e8s, en sachant qu\u2019il existe a un d\u00e9calage dans le temps entre l\u2019incidence et la mortalit\u00e9.\u00a0Un rapport mortalit\u00e9\/incidence peut \u00eatre sup\u00e9rieur \u00e0 100% car les personnes qui d\u00e9c\u00e8dent d&rsquo;un cancer une ann\u00e9e donn\u00e9e ne sont pas forc\u00e9ment les m\u00eames que celles chez qui le diagnostic a \u00e9t\u00e9 pos\u00e9 au cours de la m\u00eame ann\u00e9e (en fonction du d\u00e9lai de latence entre le diagnostic et le d\u00e9c\u00e8s). Il est aussi possible qu&rsquo;il y ait une sous-d\u00e9claration des cas incidents, ou au contraire, une sur-d\u00e9claration des d\u00e9c\u00e8s pour un cancer donn\u00e9 (par exemple : une m\u00e9tastase h\u00e9patique peut \u00eatre comptabilis\u00e9e comme cancer primitif dans les certificats de d\u00e9c\u00e8s).<\/li>\n<\/ul>\n<ul>\n<li>L\u2019\u00e9volution de l\u2019incidence par localisation tumorale est compar\u00e9e aux informations au niveau national (estimations du r\u00e9seau Francim, tendances observ\u00e9es par l\u2019Assurance Maladie, etc.).<\/li>\n<\/ul>\n","protected":false},"excerpt":{"rendered":"<p>Des recherches de doublons sont r\u00e9alis\u00e9es syst\u00e9matiquement \u00e0 la saisie et p\u00e9riodiquement sur l&rsquo;ensemble de la base. Des contr\u00f4les de coh\u00e9rence sont r\u00e9alis\u00e9s \u00e0 la saisie et p\u00e9riodiquement notamment gr\u00e2ce au logiciel d\u00e9velopp\u00e9 \u00e0 cet effet par le CIRC (IARC CHECK) et a un syst\u00e8me de v\u00e9rification propre au registre. Les indicateurs suivants sont des [&hellip;]<\/p>\n","protected":false},"author":1,"featured_media":0,"parent":73,"menu_order":4,"comment_status":"closed","ping_status":"open","template":"","meta":{"rop_custom_images_group":[],"rop_custom_messages_group":[],"rop_publish_now":"initial","rop_publish_now_accounts":[],"rop_publish_now_history":[],"rop_publish_now_status":"pending","_exactmetrics_skip_tracking":false,"_exactmetrics_sitenote_active":false,"_exactmetrics_sitenote_note":"","_exactmetrics_sitenote_category":0,"footnotes":""},"class_list":["post-447","page","type-page","status-publish","hentry"],"yoast_head":"<!-- This site is optimized with the Yoast SEO plugin v26.8 - https:\/\/yoast.com\/product\/yoast-seo-wordpress\/ -->\n<title>Contr\u00f4les de qualit\u00e9 - REGISTRE DES TUMEURS DIGESTIVES DU FINISTERE<\/title>\n<meta name=\"robots\" content=\"index, follow, max-snippet:-1, max-image-preview:large, max-video-preview:-1\" \/>\n<link rel=\"canonical\" href=\"https:\/\/registre-tumeurs-29.fr\/Accueil\/methodologie\/support-de-recueil-des-informations\/\" \/>\n<meta property=\"og:locale\" content=\"fr_FR\" \/>\n<meta property=\"og:type\" content=\"article\" \/>\n<meta property=\"og:title\" content=\"Contr\u00f4les de qualit\u00e9 - REGISTRE DES TUMEURS DIGESTIVES DU FINISTERE\" \/>\n<meta property=\"og:description\" content=\"Des recherches de doublons sont r\u00e9alis\u00e9es syst\u00e9matiquement \u00e0 la saisie et p\u00e9riodiquement sur l&rsquo;ensemble de la base. Des contr\u00f4les de coh\u00e9rence sont r\u00e9alis\u00e9s \u00e0 la saisie et p\u00e9riodiquement notamment gr\u00e2ce au logiciel d\u00e9velopp\u00e9 \u00e0 cet effet par le CIRC (IARC CHECK) et a un syst\u00e8me de v\u00e9rification propre au registre. Les indicateurs suivants sont des [&hellip;]\" \/>\n<meta property=\"og:url\" content=\"https:\/\/registre-tumeurs-29.fr\/Accueil\/methodologie\/support-de-recueil-des-informations\/\" \/>\n<meta property=\"og:site_name\" content=\"REGISTRE DES TUMEURS DIGESTIVES DU FINISTERE\" \/>\n<meta property=\"article:modified_time\" content=\"2015-09-24T19:49:42+00:00\" \/>\n<meta name=\"twitter:card\" content=\"summary_large_image\" \/>\n<meta name=\"twitter:label1\" content=\"Dur\u00e9e de lecture estim\u00e9e\" \/>\n\t<meta name=\"twitter:data1\" content=\"2 minutes\" \/>\n<script type=\"application\/ld+json\" class=\"yoast-schema-graph\">{\"@context\":\"https:\/\/schema.org\",\"@graph\":[{\"@type\":\"WebPage\",\"@id\":\"https:\/\/registre-tumeurs-29.fr\/Accueil\/methodologie\/support-de-recueil-des-informations\/\",\"url\":\"https:\/\/registre-tumeurs-29.fr\/Accueil\/methodologie\/support-de-recueil-des-informations\/\",\"name\":\"Contr\u00f4les de qualit\u00e9 - REGISTRE DES TUMEURS DIGESTIVES DU FINISTERE\",\"isPartOf\":{\"@id\":\"https:\/\/registre-tumeurs-29.fr\/Accueil\/#website\"},\"datePublished\":\"2015-08-07T16:11:40+00:00\",\"dateModified\":\"2015-09-24T19:49:42+00:00\",\"breadcrumb\":{\"@id\":\"https:\/\/registre-tumeurs-29.fr\/Accueil\/methodologie\/support-de-recueil-des-informations\/#breadcrumb\"},\"inLanguage\":\"fr-FR\",\"potentialAction\":[{\"@type\":\"ReadAction\",\"target\":[\"https:\/\/registre-tumeurs-29.fr\/Accueil\/methodologie\/support-de-recueil-des-informations\/\"]}]},{\"@type\":\"BreadcrumbList\",\"@id\":\"https:\/\/registre-tumeurs-29.fr\/Accueil\/methodologie\/support-de-recueil-des-informations\/#breadcrumb\",\"itemListElement\":[{\"@type\":\"ListItem\",\"position\":1,\"name\":\"Accueil\",\"item\":\"https:\/\/registre-tumeurs-29.fr\/Accueil\/\"},{\"@type\":\"ListItem\",\"position\":2,\"name\":\"M\u00e9thodologie\",\"item\":\"https:\/\/registre-tumeurs-29.fr\/Accueil\/methodologie\/\"},{\"@type\":\"ListItem\",\"position\":3,\"name\":\"Contr\u00f4les de qualit\u00e9\"}]},{\"@type\":\"WebSite\",\"@id\":\"https:\/\/registre-tumeurs-29.fr\/Accueil\/#website\",\"url\":\"https:\/\/registre-tumeurs-29.fr\/Accueil\/\",\"name\":\"REGISTRE DES TUMEURS DIGESTIVES DU FINISTERE\",\"description\":\"Equipe d&#039;Accueil EA 7479 SPURBO - Soins Primaires, Sant\u00e9 Publique et Registre des cancers de Bretagne Occidentale\",\"potentialAction\":[{\"@type\":\"SearchAction\",\"target\":{\"@type\":\"EntryPoint\",\"urlTemplate\":\"https:\/\/registre-tumeurs-29.fr\/Accueil\/?s={search_term_string}\"},\"query-input\":{\"@type\":\"PropertyValueSpecification\",\"valueRequired\":true,\"valueName\":\"search_term_string\"}}],\"inLanguage\":\"fr-FR\"}]}<\/script>\n<!-- \/ Yoast SEO plugin. -->","yoast_head_json":{"title":"Contr\u00f4les de qualit\u00e9 - REGISTRE DES TUMEURS DIGESTIVES DU FINISTERE","robots":{"index":"index","follow":"follow","max-snippet":"max-snippet:-1","max-image-preview":"max-image-preview:large","max-video-preview":"max-video-preview:-1"},"canonical":"https:\/\/registre-tumeurs-29.fr\/Accueil\/methodologie\/support-de-recueil-des-informations\/","og_locale":"fr_FR","og_type":"article","og_title":"Contr\u00f4les de qualit\u00e9 - REGISTRE DES TUMEURS DIGESTIVES DU FINISTERE","og_description":"Des recherches de doublons sont r\u00e9alis\u00e9es syst\u00e9matiquement \u00e0 la saisie et p\u00e9riodiquement sur l&rsquo;ensemble de la base. Des contr\u00f4les de coh\u00e9rence sont r\u00e9alis\u00e9s \u00e0 la saisie et p\u00e9riodiquement notamment gr\u00e2ce au logiciel d\u00e9velopp\u00e9 \u00e0 cet effet par le CIRC (IARC CHECK) et a un syst\u00e8me de v\u00e9rification propre au registre. Les indicateurs suivants sont des [&hellip;]","og_url":"https:\/\/registre-tumeurs-29.fr\/Accueil\/methodologie\/support-de-recueil-des-informations\/","og_site_name":"REGISTRE DES TUMEURS DIGESTIVES DU FINISTERE","article_modified_time":"2015-09-24T19:49:42+00:00","twitter_card":"summary_large_image","twitter_misc":{"Dur\u00e9e de lecture estim\u00e9e":"2 minutes"},"schema":{"@context":"https:\/\/schema.org","@graph":[{"@type":"WebPage","@id":"https:\/\/registre-tumeurs-29.fr\/Accueil\/methodologie\/support-de-recueil-des-informations\/","url":"https:\/\/registre-tumeurs-29.fr\/Accueil\/methodologie\/support-de-recueil-des-informations\/","name":"Contr\u00f4les de qualit\u00e9 - REGISTRE DES TUMEURS DIGESTIVES DU FINISTERE","isPartOf":{"@id":"https:\/\/registre-tumeurs-29.fr\/Accueil\/#website"},"datePublished":"2015-08-07T16:11:40+00:00","dateModified":"2015-09-24T19:49:42+00:00","breadcrumb":{"@id":"https:\/\/registre-tumeurs-29.fr\/Accueil\/methodologie\/support-de-recueil-des-informations\/#breadcrumb"},"inLanguage":"fr-FR","potentialAction":[{"@type":"ReadAction","target":["https:\/\/registre-tumeurs-29.fr\/Accueil\/methodologie\/support-de-recueil-des-informations\/"]}]},{"@type":"BreadcrumbList","@id":"https:\/\/registre-tumeurs-29.fr\/Accueil\/methodologie\/support-de-recueil-des-informations\/#breadcrumb","itemListElement":[{"@type":"ListItem","position":1,"name":"Accueil","item":"https:\/\/registre-tumeurs-29.fr\/Accueil\/"},{"@type":"ListItem","position":2,"name":"M\u00e9thodologie","item":"https:\/\/registre-tumeurs-29.fr\/Accueil\/methodologie\/"},{"@type":"ListItem","position":3,"name":"Contr\u00f4les de qualit\u00e9"}]},{"@type":"WebSite","@id":"https:\/\/registre-tumeurs-29.fr\/Accueil\/#website","url":"https:\/\/registre-tumeurs-29.fr\/Accueil\/","name":"REGISTRE DES TUMEURS DIGESTIVES DU FINISTERE","description":"Equipe d&#039;Accueil EA 7479 SPURBO - Soins Primaires, Sant\u00e9 Publique et Registre des cancers de Bretagne Occidentale","potentialAction":[{"@type":"SearchAction","target":{"@type":"EntryPoint","urlTemplate":"https:\/\/registre-tumeurs-29.fr\/Accueil\/?s={search_term_string}"},"query-input":{"@type":"PropertyValueSpecification","valueRequired":true,"valueName":"search_term_string"}}],"inLanguage":"fr-FR"}]}},"jetpack_sharing_enabled":true,"_links":{"self":[{"href":"https:\/\/registre-tumeurs-29.fr\/Accueil\/wp-json\/wp\/v2\/pages\/447","targetHints":{"allow":["GET"]}}],"collection":[{"href":"https:\/\/registre-tumeurs-29.fr\/Accueil\/wp-json\/wp\/v2\/pages"}],"about":[{"href":"https:\/\/registre-tumeurs-29.fr\/Accueil\/wp-json\/wp\/v2\/types\/page"}],"author":[{"embeddable":true,"href":"https:\/\/registre-tumeurs-29.fr\/Accueil\/wp-json\/wp\/v2\/users\/1"}],"replies":[{"embeddable":true,"href":"https:\/\/registre-tumeurs-29.fr\/Accueil\/wp-json\/wp\/v2\/comments?post=447"}],"version-history":[{"count":1,"href":"https:\/\/registre-tumeurs-29.fr\/Accueil\/wp-json\/wp\/v2\/pages\/447\/revisions"}],"predecessor-version":[{"id":650,"href":"https:\/\/registre-tumeurs-29.fr\/Accueil\/wp-json\/wp\/v2\/pages\/447\/revisions\/650"}],"up":[{"embeddable":true,"href":"https:\/\/registre-tumeurs-29.fr\/Accueil\/wp-json\/wp\/v2\/pages\/73"}],"wp:attachment":[{"href":"https:\/\/registre-tumeurs-29.fr\/Accueil\/wp-json\/wp\/v2\/media?parent=447"}],"curies":[{"name":"wp","href":"https:\/\/api.w.org\/{rel}","templated":true}]}}