{"id":38,"date":"2015-08-05T17:43:01","date_gmt":"2015-08-05T15:43:01","guid":{"rendered":"http:\/\/registre-tumeurs-29.fr\/?page_id=38"},"modified":"2025-12-08T09:43:14","modified_gmt":"2025-12-08T08:43:14","slug":"identite","status":"publish","type":"page","link":"https:\/\/registre-tumeurs-29.fr\/Accueil\/informations-legales\/le-registre-des-tumeurs-digestives-du-finistere\/identite\/","title":{"rendered":"Identit\u00e9"},"content":{"rendered":"<p><strong>Statut : <\/strong>Association r\u00e9gie par la loi du 1er juillet 1901 et le d\u00e9cret du 16 ao\u00fbt 1901, ayant pour titre : Registre des Tumeurs Digestives du Finist\u00e8re (RTDF)<\/p>\n<p><strong>Ann\u00e9e de cr\u00e9ation :<\/strong> 1984<\/p>\n<p><strong>Th\u00e9matique(s) concern\u00e9e(s) : <\/strong>Sant\u00e9<\/p>\n<p><strong>Champ(s) concern\u00e9(s) : <\/strong>Cancers digestifs<\/p>\n<p><strong>Unit\u00e9(s) g\u00e9ographique(s) couverte(s)\u00a0:<\/strong>\u00a0D\u00e9partement du Finist\u00e8re<\/p>\n<p><strong>Niveau de d\u00e9tail g\u00e9ographique\u00a0:<\/strong><\/p>\n<ul>\n<li>Unit\u00e9 urbaine<\/li>\n<li>Canton de r\u00e9sidence<\/li>\n<li>Commune<\/li>\n<\/ul>\n<p><strong>Taille de la population couverte :<\/strong> 936 478 habitants (estimation Insee au 1<sup>er<\/sup> janvier 2018)<\/p>\n<p><strong>Ann\u00e9e de d\u00e9but de collecte des donn\u00e9es\u00a0:<\/strong> 1984<\/p>\n<p><strong>Dur\u00e9e de conservation des donn\u00e9es collect\u00e9es\u00a0:<\/strong> Non limit\u00e9e<\/p>\n<p><strong>Echelle temporelle des donn\u00e9es collect\u00e9es\u00a0:<\/strong> Annuelle<\/p>\n<p><strong>Ann\u00e9es valid\u00e9es\u00a0:\u00a0<\/strong><\/p>\n<ul>\n<li>de 1984 \u00e0 2012 pour les organes du tube digestif (\u0153sophage, estomac, intestin gr\u00eale, c\u00f4lon-rectum, anus, retrop\u00e9ritoine et p\u00e9ritoine)<\/li>\n<li>de 2005 \u00e0 2012 pour le foie, le pancr\u00e9as, la v\u00e9sicule biliaire et les voies biliaires.<\/li>\n<\/ul>\n<p><strong>Date de la premi\u00e8re qualification par le Comit\u00e9 national des registres : <\/strong>1997<\/p>\n<p><strong>Date de derni\u00e8re \u00e9valuation par le Comit\u00e9 d\u2019\u00e9valuation des registres\u00a0:<\/strong>\u00a02020<\/p>\n","protected":false},"excerpt":{"rendered":"<p>Statut : Association r\u00e9gie par la loi du 1er juillet 1901 et le d\u00e9cret du 16 ao\u00fbt 1901, ayant pour titre : Registre des Tumeurs Digestives du Finist\u00e8re (RTDF) Ann\u00e9e de cr\u00e9ation : 1984 Th\u00e9matique(s) concern\u00e9e(s) : Sant\u00e9 Champ(s) concern\u00e9(s) : Cancers digestifs Unit\u00e9(s) g\u00e9ographique(s) couverte(s)\u00a0:\u00a0D\u00e9partement du Finist\u00e8re Niveau de d\u00e9tail g\u00e9ographique\u00a0: Unit\u00e9 urbaine Canton [&hellip;]<\/p>\n","protected":false},"author":1,"featured_media":0,"parent":32,"menu_order":1,"comment_status":"closed","ping_status":"open","template":"","meta":{"rop_custom_images_group":[],"rop_custom_messages_group":[],"rop_publish_now":"initial","rop_publish_now_accounts":[],"rop_publish_now_history":[],"rop_publish_now_status":"pending","_exactmetrics_skip_tracking":false,"_exactmetrics_sitenote_active":false,"_exactmetrics_sitenote_note":"","_exactmetrics_sitenote_category":0,"footnotes":""},"class_list":["post-38","page","type-page","status-publish","hentry"],"yoast_head":"<!-- This site is optimized with the Yoast SEO plugin v26.8 - https:\/\/yoast.com\/product\/yoast-seo-wordpress\/ -->\n<title>Identit\u00e9 - REGISTRE DES TUMEURS DIGESTIVES DU FINISTERE<\/title>\n<meta name=\"robots\" content=\"index, follow, max-snippet:-1, max-image-preview:large, max-video-preview:-1\" \/>\n<link rel=\"canonical\" href=\"https:\/\/registre-tumeurs-29.fr\/Accueil\/informations-legales\/le-registre-des-tumeurs-digestives-du-finistere\/identite\/\" \/>\n<meta property=\"og:locale\" content=\"fr_FR\" \/>\n<meta property=\"og:type\" content=\"article\" \/>\n<meta property=\"og:title\" content=\"Identit\u00e9 - REGISTRE DES TUMEURS DIGESTIVES DU FINISTERE\" \/>\n<meta property=\"og:description\" content=\"Statut : Association r\u00e9gie par la loi du 1er juillet 1901 et le d\u00e9cret du 16 ao\u00fbt 1901, ayant pour titre : Registre des Tumeurs Digestives du Finist\u00e8re (RTDF) Ann\u00e9e de cr\u00e9ation : 1984 Th\u00e9matique(s) concern\u00e9e(s) : Sant\u00e9 Champ(s) concern\u00e9(s) : Cancers digestifs Unit\u00e9(s) g\u00e9ographique(s) couverte(s)\u00a0:\u00a0D\u00e9partement du Finist\u00e8re Niveau de d\u00e9tail g\u00e9ographique\u00a0: Unit\u00e9 urbaine Canton [&hellip;]\" \/>\n<meta property=\"og:url\" content=\"https:\/\/registre-tumeurs-29.fr\/Accueil\/informations-legales\/le-registre-des-tumeurs-digestives-du-finistere\/identite\/\" \/>\n<meta property=\"og:site_name\" content=\"REGISTRE DES TUMEURS DIGESTIVES DU FINISTERE\" \/>\n<meta property=\"article:modified_time\" content=\"2025-12-08T08:43:14+00:00\" \/>\n<meta name=\"twitter:card\" content=\"summary_large_image\" \/>\n<meta name=\"twitter:label1\" content=\"Dur\u00e9e de lecture estim\u00e9e\" \/>\n\t<meta name=\"twitter:data1\" content=\"1 minute\" \/>\n<script type=\"application\/ld+json\" class=\"yoast-schema-graph\">{\"@context\":\"https:\/\/schema.org\",\"@graph\":[{\"@type\":\"WebPage\",\"@id\":\"https:\/\/registre-tumeurs-29.fr\/Accueil\/informations-legales\/le-registre-des-tumeurs-digestives-du-finistere\/identite\/\",\"url\":\"https:\/\/registre-tumeurs-29.fr\/Accueil\/informations-legales\/le-registre-des-tumeurs-digestives-du-finistere\/identite\/\",\"name\":\"Identit\u00e9 - REGISTRE DES TUMEURS DIGESTIVES DU FINISTERE\",\"isPartOf\":{\"@id\":\"https:\/\/registre-tumeurs-29.fr\/Accueil\/#website\"},\"datePublished\":\"2015-08-05T15:43:01+00:00\",\"dateModified\":\"2025-12-08T08:43:14+00:00\",\"breadcrumb\":{\"@id\":\"https:\/\/registre-tumeurs-29.fr\/Accueil\/informations-legales\/le-registre-des-tumeurs-digestives-du-finistere\/identite\/#breadcrumb\"},\"inLanguage\":\"fr-FR\",\"potentialAction\":[{\"@type\":\"ReadAction\",\"target\":[\"https:\/\/registre-tumeurs-29.fr\/Accueil\/informations-legales\/le-registre-des-tumeurs-digestives-du-finistere\/identite\/\"]}]},{\"@type\":\"BreadcrumbList\",\"@id\":\"https:\/\/registre-tumeurs-29.fr\/Accueil\/informations-legales\/le-registre-des-tumeurs-digestives-du-finistere\/identite\/#breadcrumb\",\"itemListElement\":[{\"@type\":\"ListItem\",\"position\":1,\"name\":\"Accueil\",\"item\":\"https:\/\/registre-tumeurs-29.fr\/Accueil\/\"},{\"@type\":\"ListItem\",\"position\":2,\"name\":\"Confidentialit\u00e9 et s\u00e9curit\u00e9\",\"item\":\"https:\/\/registre-tumeurs-29.fr\/Accueil\/informations-legales\/\"},{\"@type\":\"ListItem\",\"position\":3,\"name\":\"Le Registre du Finist\u00e8re\",\"item\":\"https:\/\/registre-tumeurs-29.fr\/Accueil\/informations-legales\/le-registre-des-tumeurs-digestives-du-finistere\/\"},{\"@type\":\"ListItem\",\"position\":4,\"name\":\"Identit\u00e9\"}]},{\"@type\":\"WebSite\",\"@id\":\"https:\/\/registre-tumeurs-29.fr\/Accueil\/#website\",\"url\":\"https:\/\/registre-tumeurs-29.fr\/Accueil\/\",\"name\":\"REGISTRE DES TUMEURS DIGESTIVES DU FINISTERE\",\"description\":\"Equipe d&#039;Accueil EA 7479 SPURBO - Soins Primaires, Sant\u00e9 Publique et Registre des cancers de Bretagne Occidentale\",\"potentialAction\":[{\"@type\":\"SearchAction\",\"target\":{\"@type\":\"EntryPoint\",\"urlTemplate\":\"https:\/\/registre-tumeurs-29.fr\/Accueil\/?s={search_term_string}\"},\"query-input\":{\"@type\":\"PropertyValueSpecification\",\"valueRequired\":true,\"valueName\":\"search_term_string\"}}],\"inLanguage\":\"fr-FR\"}]}<\/script>\n<!-- \/ Yoast SEO plugin. -->","yoast_head_json":{"title":"Identit\u00e9 - REGISTRE DES TUMEURS DIGESTIVES DU FINISTERE","robots":{"index":"index","follow":"follow","max-snippet":"max-snippet:-1","max-image-preview":"max-image-preview:large","max-video-preview":"max-video-preview:-1"},"canonical":"https:\/\/registre-tumeurs-29.fr\/Accueil\/informations-legales\/le-registre-des-tumeurs-digestives-du-finistere\/identite\/","og_locale":"fr_FR","og_type":"article","og_title":"Identit\u00e9 - REGISTRE DES TUMEURS DIGESTIVES DU FINISTERE","og_description":"Statut : Association r\u00e9gie par la loi du 1er juillet 1901 et le d\u00e9cret du 16 ao\u00fbt 1901, ayant pour titre : Registre des Tumeurs Digestives du Finist\u00e8re (RTDF) Ann\u00e9e de cr\u00e9ation : 1984 Th\u00e9matique(s) concern\u00e9e(s) : Sant\u00e9 Champ(s) concern\u00e9(s) : Cancers digestifs Unit\u00e9(s) g\u00e9ographique(s) couverte(s)\u00a0:\u00a0D\u00e9partement du Finist\u00e8re Niveau de d\u00e9tail g\u00e9ographique\u00a0: Unit\u00e9 urbaine Canton [&hellip;]","og_url":"https:\/\/registre-tumeurs-29.fr\/Accueil\/informations-legales\/le-registre-des-tumeurs-digestives-du-finistere\/identite\/","og_site_name":"REGISTRE DES TUMEURS DIGESTIVES DU FINISTERE","article_modified_time":"2025-12-08T08:43:14+00:00","twitter_card":"summary_large_image","twitter_misc":{"Dur\u00e9e de lecture estim\u00e9e":"1 minute"},"schema":{"@context":"https:\/\/schema.org","@graph":[{"@type":"WebPage","@id":"https:\/\/registre-tumeurs-29.fr\/Accueil\/informations-legales\/le-registre-des-tumeurs-digestives-du-finistere\/identite\/","url":"https:\/\/registre-tumeurs-29.fr\/Accueil\/informations-legales\/le-registre-des-tumeurs-digestives-du-finistere\/identite\/","name":"Identit\u00e9 - REGISTRE DES TUMEURS DIGESTIVES DU FINISTERE","isPartOf":{"@id":"https:\/\/registre-tumeurs-29.fr\/Accueil\/#website"},"datePublished":"2015-08-05T15:43:01+00:00","dateModified":"2025-12-08T08:43:14+00:00","breadcrumb":{"@id":"https:\/\/registre-tumeurs-29.fr\/Accueil\/informations-legales\/le-registre-des-tumeurs-digestives-du-finistere\/identite\/#breadcrumb"},"inLanguage":"fr-FR","potentialAction":[{"@type":"ReadAction","target":["https:\/\/registre-tumeurs-29.fr\/Accueil\/informations-legales\/le-registre-des-tumeurs-digestives-du-finistere\/identite\/"]}]},{"@type":"BreadcrumbList","@id":"https:\/\/registre-tumeurs-29.fr\/Accueil\/informations-legales\/le-registre-des-tumeurs-digestives-du-finistere\/identite\/#breadcrumb","itemListElement":[{"@type":"ListItem","position":1,"name":"Accueil","item":"https:\/\/registre-tumeurs-29.fr\/Accueil\/"},{"@type":"ListItem","position":2,"name":"Confidentialit\u00e9 et s\u00e9curit\u00e9","item":"https:\/\/registre-tumeurs-29.fr\/Accueil\/informations-legales\/"},{"@type":"ListItem","position":3,"name":"Le Registre du Finist\u00e8re","item":"https:\/\/registre-tumeurs-29.fr\/Accueil\/informations-legales\/le-registre-des-tumeurs-digestives-du-finistere\/"},{"@type":"ListItem","position":4,"name":"Identit\u00e9"}]},{"@type":"WebSite","@id":"https:\/\/registre-tumeurs-29.fr\/Accueil\/#website","url":"https:\/\/registre-tumeurs-29.fr\/Accueil\/","name":"REGISTRE DES TUMEURS DIGESTIVES DU FINISTERE","description":"Equipe d&#039;Accueil EA 7479 SPURBO - Soins Primaires, Sant\u00e9 Publique et Registre des cancers de Bretagne Occidentale","potentialAction":[{"@type":"SearchAction","target":{"@type":"EntryPoint","urlTemplate":"https:\/\/registre-tumeurs-29.fr\/Accueil\/?s={search_term_string}"},"query-input":{"@type":"PropertyValueSpecification","valueRequired":true,"valueName":"search_term_string"}}],"inLanguage":"fr-FR"}]}},"jetpack_sharing_enabled":true,"_links":{"self":[{"href":"https:\/\/registre-tumeurs-29.fr\/Accueil\/wp-json\/wp\/v2\/pages\/38","targetHints":{"allow":["GET"]}}],"collection":[{"href":"https:\/\/registre-tumeurs-29.fr\/Accueil\/wp-json\/wp\/v2\/pages"}],"about":[{"href":"https:\/\/registre-tumeurs-29.fr\/Accueil\/wp-json\/wp\/v2\/types\/page"}],"author":[{"embeddable":true,"href":"https:\/\/registre-tumeurs-29.fr\/Accueil\/wp-json\/wp\/v2\/users\/1"}],"replies":[{"embeddable":true,"href":"https:\/\/registre-tumeurs-29.fr\/Accueil\/wp-json\/wp\/v2\/comments?post=38"}],"version-history":[{"count":4,"href":"https:\/\/registre-tumeurs-29.fr\/Accueil\/wp-json\/wp\/v2\/pages\/38\/revisions"}],"predecessor-version":[{"id":3011,"href":"https:\/\/registre-tumeurs-29.fr\/Accueil\/wp-json\/wp\/v2\/pages\/38\/revisions\/3011"}],"up":[{"embeddable":true,"href":"https:\/\/registre-tumeurs-29.fr\/Accueil\/wp-json\/wp\/v2\/pages\/32"}],"wp:attachment":[{"href":"https:\/\/registre-tumeurs-29.fr\/Accueil\/wp-json\/wp\/v2\/media?parent=38"}],"curies":[{"name":"wp","href":"https:\/\/api.w.org\/{rel}","templated":true}]}}

Identité

<p><strong>Statut : </strong>Association régie par la loi du 1er juillet 1901 et le décret du 16 août 1901, ayant pour titre : Registre des Tumeurs Digestives du Finistère (RTDF)</p>
<p><strong>Année de création :</strong> 1984</p>
<p><strong>Thématique(s) concernée(s) : </strong>Santé</p>
<p><strong>Champ(s) concerné(s) : </strong>Cancers digestifs</p>
<p><strong>Unité(s) géographique(s) couverte(s) :</strong> Département du Finistère</p>
<p><strong>Niveau de détail géographique :</strong></p>
<ul>
<li>Unité urbaine</li>
<li>Canton de résidence</li>
<li>Commune</li>
</ul>
<p><strong>Taille de la population couverte :</strong> 936 478 habitants (estimation Insee au 1<sup>er</sup> janvier 2018)</p>
<p><strong>Année de début de collecte des données :</strong> 1984</p>
<p><strong>Durée de conservation des données collectées :</strong> Non limitée</p>
<p><strong>Echelle temporelle des données collectées :</strong> Annuelle</p>
<p><strong>Années validées : </strong></p>
<ul>
<li>de 1984 à 2012 pour les organes du tube digestif (œsophage, estomac, intestin grêle, côlon-rectum, anus, retropéritoine et péritoine)</li>
<li>de 2005 à 2012 pour le foie, le pancréas, la vésicule biliaire et les voies biliaires.</li>
</ul>
<p><strong>Date de la première qualification par le Comité national des registres : </strong>1997</p>
<p><strong>Date de dernière évaluation par le Comité d’évaluation des registres :</strong> 2020</p>

<p>Statut : Association régie par la loi du 1er juillet 1901 et le décret du 16 août 1901, ayant pour titre : Registre des Tumeurs Digestives du Finistère (RTDF) Année de création : 1984 Thématique(s) concernée(s) : Santé Champ(s) concerné(s) : Cancers digestifs Unité(s) géographique(s) couverte(s) : Département du Finistère Niveau de détail géographique : Unité urbaine Canton [&hellip;]</p>

<!-- This site is optimized with the Yoast SEO plugin v26.8 - https://yoast.com/product/yoast-seo-wordpress/ -->
<title>Identité - REGISTRE DES TUMEURS DIGESTIVES DU FINISTERE</title>
<meta name="robots" content="index, follow, max-snippet:-1, max-image-preview:large, max-video-preview:-1" />
<link rel="canonical" href="https://registre-tumeurs-29.fr/Accueil/informations-legales/le-registre-des-tumeurs-digestives-du-finistere/identite/" />
<meta property="og:locale" content="fr_FR" />
<meta property="og:type" content="article" />
<meta property="og:title" content="Identité - REGISTRE DES TUMEURS DIGESTIVES DU FINISTERE" />
<meta property="og:description" content="Statut : Association régie par la loi du 1er juillet 1901 et le décret du 16 août 1901, ayant pour titre : Registre des Tumeurs Digestives du Finistère (RTDF) Année de création : 1984 Thématique(s) concernée(s) : Santé Champ(s) concerné(s) : Cancers digestifs Unité(s) géographique(s) couverte(s) : Département du Finistère Niveau de détail géographique : Unité urbaine Canton [&hellip;]" />
<meta property="og:url" content="https://registre-tumeurs-29.fr/Accueil/informations-legales/le-registre-des-tumeurs-digestives-du-finistere/identite/" />
<meta property="og:site_name" content="REGISTRE DES TUMEURS DIGESTIVES DU FINISTERE" />
<meta property="article:modified_time" content="2025-12-08T08:43:14+00:00" />
<meta name="twitter:card" content="summary_large_image" />
<meta name="twitter:label1" content="Durée de lecture estimée" />
	<meta name="twitter:data1" content="1 minute" />
<script type="application/ld+json" class="yoast-schema-graph">{"@context":"https://schema.org","@graph":[{"@type":"WebPage","@id":"https://registre-tumeurs-29.fr/Accueil/informations-legales/le-registre-des-tumeurs-digestives-du-finistere/identite/","url":"https://registre-tumeurs-29.fr/Accueil/informations-legales/le-registre-des-tumeurs-digestives-du-finistere/identite/","name":"Identité - REGISTRE DES TUMEURS DIGESTIVES DU FINISTERE","isPartOf":{"@id":"https://registre-tumeurs-29.fr/Accueil/#website"},"datePublished":"2015-08-05T15:43:01+00:00","dateModified":"2025-12-08T08:43:14+00:00","breadcrumb":{"@id":"https://registre-tumeurs-29.fr/Accueil/informations-legales/le-registre-des-tumeurs-digestives-du-finistere/identite/#breadcrumb"},"inLanguage":"fr-FR","potentialAction":[{"@type":"ReadAction","target":["https://registre-tumeurs-29.fr/Accueil/informations-legales/le-registre-des-tumeurs-digestives-du-finistere/identite/"]}]},{"@type":"BreadcrumbList","@id":"https://registre-tumeurs-29.fr/Accueil/informations-legales/le-registre-des-tumeurs-digestives-du-finistere/identite/#breadcrumb","itemListElement":[{"@type":"ListItem","position":1,"name":"Accueil","item":"https://registre-tumeurs-29.fr/Accueil/"},{"@type":"ListItem","position":2,"name":"Confidentialité et sécurité","item":"https://registre-tumeurs-29.fr/Accueil/informations-legales/"},{"@type":"ListItem","position":3,"name":"Le Registre du Finistère","item":"https://registre-tumeurs-29.fr/Accueil/informations-legales/le-registre-des-tumeurs-digestives-du-finistere/"},{"@type":"ListItem","position":4,"name":"Identité"}]},{"@type":"WebSite","@id":"https://registre-tumeurs-29.fr/Accueil/#website","url":"https://registre-tumeurs-29.fr/Accueil/","name":"REGISTRE DES TUMEURS DIGESTIVES DU FINISTERE","description":"Equipe d&#039;Accueil EA 7479 SPURBO - Soins Primaires, Santé Publique et Registre des cancers de Bretagne Occidentale","potentialAction":[{"@type":"SearchAction","target":{"@type":"EntryPoint","urlTemplate":"https://registre-tumeurs-29.fr/Accueil/?s={search_term_string}"},"query-input":{"@type":"PropertyValueSpecification","valueRequired":true,"valueName":"search_term_string"}}],"inLanguage":"fr-FR"}]}</script>
<!-- / Yoast SEO plugin. -->

Identité - REGISTRE DES TUMEURS DIGESTIVES DU FINISTERE

Statut : Association régie par la loi du 1er juillet 1901 et le décret du 16 août 1901, ayant pour titre : Registre des Tumeurs Digestives du Finistère (RTDF) Année de création : 1984 Thématique(s) concernée(s) : Santé Champ(s) concerné(s) : Cancers digestifs Unité(s) géographique(s) couverte(s) : Département du Finistère Niveau de détail géographique : Unité urbaine Canton [&hellip;]

Confidentialité et sécurité

Le Registre du Finistère

Equipe d&#039;Accueil EA 7479 SPURBO - Soins Primaires, Santé Publique et Registre des cancers de Bretagne Occidentale
