{"id":2099,"date":"2022-07-16T10:38:04","date_gmt":"2022-07-16T08:38:04","guid":{"rendered":"http:\/\/registre-tumeurs-29.fr\/accueil\/?page_id=2099"},"modified":"2024-06-19T11:21:36","modified_gmt":"2024-06-19T09:21:36","slug":"axes-de-recherche-du-registre","status":"publish","type":"page","link":"https:\/\/registre-tumeurs-29.fr\/Accueil\/axes-de-recherche-du-registre\/","title":{"rendered":"Axes de recherche du Registre"},"content":{"rendered":"\n<div class=\"wp-block-group\"><div class=\"wp-block-group__inner-container is-layout-flow wp-block-group-is-layout-flow\">\n<div class=\"wp-block-group\"><div class=\"wp-block-group__inner-container is-layout-flow wp-block-group-is-layout-flow\">\n<p style=\"font-weight: 400; text-align: justify;\">Le registre est un outil essentiel de Sant\u00e9 Publique, il contribue par diff\u00e9rents biais \u00e0 des retomb\u00e9es au niveau local et national. Il participe comme tous les registre du r\u00e9seau FRANCIM \u00e0 l\u2019estimation r\u00e9guli\u00e8re de l\u2019\u00e9volution de l\u2019incidence, de la pr\u00e9valence et de la survie des cancers en France. Il est impliqu\u00e9 dans les travaux nationaux concernant les cancers digestifs.<\/p>\n\n\n\n<p class=\"has-text-align-justify\">Le registre d\u00e9veloppe ses activit\u00e9s en sant\u00e9 publique dans les domaines d\u2019expertise tels que\u00a0: le d\u00e9pistage des cancers, la prise en charge et l\u2019\u00e9valuation des soins, les facteurs pronostiques et th\u00e9ranostiques notamment gr\u00e2ce aux liens \u00e9troits cr\u00e9\u00e9s avec les cliniciens des services d\u2019h\u00e9pato-gastro-ent\u00e9rologie, d\u2019anatomo-pathologie et de chirurgie visc\u00e9rale.\u00a0<\/p>\n<\/div><\/div>\n<\/div><\/div>\n\n\n\n<p class=\"has-text-align-justify has-light-gray-background-color has-text-color has-background\" style=\"color:#ff0000\"><strong>Evaluation des campagnes d\u00e9pistage du cancer colo-rectal<\/strong><\/p>\n\n\n\n<div class=\"wp-block-group\"><div class=\"wp-block-group__inner-container is-layout-flow wp-block-group-is-layout-flow\">\n<div class=\"wp-block-group\"><div class=\"wp-block-group__inner-container is-layout-flow wp-block-group-is-layout-flow\">\n<p class=\"has-text-align-justify\">En ce qui concerne l&rsquo;\u00e9valuation du d\u00e9pistage, une des perspectives du registre est la cr\u00e9ation d&rsquo;un groupe de travail entre le CRCDC et le Registre afin de faciliter les projets et le croisement des donn\u00e9es entre nos deux organismes, dans le but d&rsquo;\u00e9valuer et de promouvoir le d\u00e9pistage du cancer colorectal en montrant l&rsquo;impact du DO sur la survie. Une convention a \u00e9t\u00e9 r\u00e9alis\u00e9e entre nos 2 structures. <\/p>\n\n\n\n<ul class=\"wp-block-list\"><\/ul>\n<\/div><\/div>\n<\/div><\/div>\n\n\n\n<p class=\"has-light-gray-background-color has-text-color has-background\" style=\"color:#f80000\"><strong>Evaluation des soins et la prise en charge des patients atteints de cancers<\/strong><\/p>\n\n\n\n<div class=\"wp-block-group\"><div class=\"wp-block-group__inner-container is-layout-flow wp-block-group-is-layout-flow\">\n<p class=\"has-text-align-justify\">Les perspectives de travaux concernant l&rsquo;\u00e9valuation des soins, au niveau d\u00e9partemental, plusieurs \u00e9tudes sont en cours :<\/p>\n\n\n\n<ul class=\"wp-block-list\">\n<li>Une \u00e9tude sur les facteurs histopathologiques pr\u00e9dictifs d&rsquo;envahissement ganglionnaire et des pratiques de prise en charge des cancers colorectaux pT1 trait\u00e9s endoscopiquement dans le d\u00e9partement du Finist\u00e8re entre 2009 et 2020<\/li>\n\n\n\n<li>Une \u00e9tude sur l&rsquo;impact du passage en r\u00e9union de concertation pluri-disciplinaire dans la prise en charge des tumeurs superficielles trait\u00e9es par r\u00e9section endoscopique entre 2018 et 2022<\/li>\n\n\n\n<li>Une \u00e9tude en partenariat avec le service de chirurgie sur les patients op\u00e9r\u00e9s d&rsquo;un cancer par gastrectomie totale entre 2009 et 2019<\/li>\n\n\n\n<li>Une \u00e9tude de survie en population g\u00e9n\u00e9rale des malades ayant un carcinome h\u00e9patocellulaire diagnostiqu\u00e9 entre 2005 et 2020<\/li>\n<\/ul>\n<\/div><\/div>\n\n\n\n<p class=\"has-light-gray-background-color has-text-color has-background\" style=\"color:#f70000\"><strong>Facteurs pronostiques et th\u00e9ranostiques<\/strong>&nbsp;<\/p>\n\n\n\n<p class=\"has-text-align-justify\">Concernant les facteurs th\u00e9ranostiques, le Registre continue de collaborer avec le service d&rsquo;anatomopathologie du Chru Brest sur un travail portant sur les approches de deep learning appliqu\u00e9es \u00e0 l&rsquo;analyse des lames histopathologiques num\u00e9ris\u00e9es annot\u00e9es et coupl\u00e9es \u00e0 des donn\u00e9es de survie des patients pour l&rsquo;\u00e9tude du microenvironnement tumoral dans le cancer colorectal. <\/p>\n\n\n<p><!-- \/wp:themeisle-blocks\/advanced-column --><\/p>\n<p><!-- wp:themeisle-blocks\/advanced-column {\"id\":\"wp-block-themeisle-blocks-advanced-column-db72c419\",\"columnWidth\":\"24.20\"} --><\/p>\n<p><!-- \/wp:themeisle-blocks\/advanced-column --><\/p>\n<p><!-- \/wp:themeisle-blocks\/advanced-columns --><\/p>","protected":false},"excerpt":{"rendered":"<p>Le registre est un outil essentiel de Sant\u00e9 Publique, il contribue par diff\u00e9rents biais \u00e0 des retomb\u00e9es au niveau local et national. Il participe comme tous les registre du r\u00e9seau FRANCIM \u00e0 l\u2019estimation r\u00e9guli\u00e8re de l\u2019\u00e9volution de l\u2019incidence, de la pr\u00e9valence et de la survie des cancers en France. Il est impliqu\u00e9 dans les travaux [&hellip;]<\/p>\n","protected":false},"author":1,"featured_media":0,"parent":0,"menu_order":2,"comment_status":"closed","ping_status":"closed","template":"","meta":{"rop_custom_images_group":[],"rop_custom_messages_group":[],"rop_publish_now":"initial","rop_publish_now_accounts":[],"rop_publish_now_history":[],"rop_publish_now_status":"pending","_exactmetrics_skip_tracking":false,"_exactmetrics_sitenote_active":false,"_exactmetrics_sitenote_note":"","_exactmetrics_sitenote_category":0,"footnotes":""},"class_list":["post-2099","page","type-page","status-publish","hentry"],"yoast_head":"<!-- This site is optimized with the Yoast SEO plugin v26.8 - https:\/\/yoast.com\/product\/yoast-seo-wordpress\/ -->\n<title>Axes de recherche du Registre - REGISTRE DES TUMEURS DIGESTIVES DU FINISTERE<\/title>\n<meta name=\"robots\" content=\"index, follow, max-snippet:-1, max-image-preview:large, max-video-preview:-1\" \/>\n<link rel=\"canonical\" href=\"https:\/\/registre-tumeurs-29.fr\/Accueil\/axes-de-recherche-du-registre\/\" \/>\n<meta property=\"og:locale\" content=\"fr_FR\" \/>\n<meta property=\"og:type\" content=\"article\" \/>\n<meta property=\"og:title\" content=\"Axes de recherche du Registre - REGISTRE DES TUMEURS DIGESTIVES DU FINISTERE\" \/>\n<meta property=\"og:description\" content=\"Le registre est un outil essentiel de Sant\u00e9 Publique, il contribue par diff\u00e9rents biais \u00e0 des retomb\u00e9es au niveau local et national. Il participe comme tous les registre du r\u00e9seau FRANCIM \u00e0 l\u2019estimation r\u00e9guli\u00e8re de l\u2019\u00e9volution de l\u2019incidence, de la pr\u00e9valence et de la survie des cancers en France. Il est impliqu\u00e9 dans les travaux [&hellip;]\" \/>\n<meta property=\"og:url\" content=\"https:\/\/registre-tumeurs-29.fr\/Accueil\/axes-de-recherche-du-registre\/\" \/>\n<meta property=\"og:site_name\" content=\"REGISTRE DES TUMEURS DIGESTIVES DU FINISTERE\" \/>\n<meta property=\"article:modified_time\" content=\"2024-06-19T09:21:36+00:00\" \/>\n<meta name=\"twitter:card\" content=\"summary_large_image\" \/>\n<meta name=\"twitter:label1\" content=\"Dur\u00e9e de lecture estim\u00e9e\" \/>\n\t<meta name=\"twitter:data1\" content=\"4 minutes\" \/>\n<script type=\"application\/ld+json\" class=\"yoast-schema-graph\">{\"@context\":\"https:\/\/schema.org\",\"@graph\":[{\"@type\":\"WebPage\",\"@id\":\"https:\/\/registre-tumeurs-29.fr\/Accueil\/axes-de-recherche-du-registre\/\",\"url\":\"https:\/\/registre-tumeurs-29.fr\/Accueil\/axes-de-recherche-du-registre\/\",\"name\":\"Axes de recherche du Registre - REGISTRE DES TUMEURS DIGESTIVES DU FINISTERE\",\"isPartOf\":{\"@id\":\"https:\/\/registre-tumeurs-29.fr\/Accueil\/#website\"},\"datePublished\":\"2022-07-16T08:38:04+00:00\",\"dateModified\":\"2024-06-19T09:21:36+00:00\",\"breadcrumb\":{\"@id\":\"https:\/\/registre-tumeurs-29.fr\/Accueil\/axes-de-recherche-du-registre\/#breadcrumb\"},\"inLanguage\":\"fr-FR\",\"potentialAction\":[{\"@type\":\"ReadAction\",\"target\":[\"https:\/\/registre-tumeurs-29.fr\/Accueil\/axes-de-recherche-du-registre\/\"]}]},{\"@type\":\"BreadcrumbList\",\"@id\":\"https:\/\/registre-tumeurs-29.fr\/Accueil\/axes-de-recherche-du-registre\/#breadcrumb\",\"itemListElement\":[{\"@type\":\"ListItem\",\"position\":1,\"name\":\"Accueil\",\"item\":\"https:\/\/registre-tumeurs-29.fr\/Accueil\/\"},{\"@type\":\"ListItem\",\"position\":2,\"name\":\"Axes de recherche du Registre\"}]},{\"@type\":\"WebSite\",\"@id\":\"https:\/\/registre-tumeurs-29.fr\/Accueil\/#website\",\"url\":\"https:\/\/registre-tumeurs-29.fr\/Accueil\/\",\"name\":\"REGISTRE DES TUMEURS DIGESTIVES DU FINISTERE\",\"description\":\"Equipe d&#039;Accueil EA 7479 SPURBO - Soins Primaires, Sant\u00e9 Publique et Registre des cancers de Bretagne Occidentale\",\"potentialAction\":[{\"@type\":\"SearchAction\",\"target\":{\"@type\":\"EntryPoint\",\"urlTemplate\":\"https:\/\/registre-tumeurs-29.fr\/Accueil\/?s={search_term_string}\"},\"query-input\":{\"@type\":\"PropertyValueSpecification\",\"valueRequired\":true,\"valueName\":\"search_term_string\"}}],\"inLanguage\":\"fr-FR\"}]}<\/script>\n<!-- \/ Yoast SEO plugin. -->","yoast_head_json":{"title":"Axes de recherche du Registre - REGISTRE DES TUMEURS DIGESTIVES DU FINISTERE","robots":{"index":"index","follow":"follow","max-snippet":"max-snippet:-1","max-image-preview":"max-image-preview:large","max-video-preview":"max-video-preview:-1"},"canonical":"https:\/\/registre-tumeurs-29.fr\/Accueil\/axes-de-recherche-du-registre\/","og_locale":"fr_FR","og_type":"article","og_title":"Axes de recherche du Registre - REGISTRE DES TUMEURS DIGESTIVES DU FINISTERE","og_description":"Le registre est un outil essentiel de Sant\u00e9 Publique, il contribue par diff\u00e9rents biais \u00e0 des retomb\u00e9es au niveau local et national. Il participe comme tous les registre du r\u00e9seau FRANCIM \u00e0 l\u2019estimation r\u00e9guli\u00e8re de l\u2019\u00e9volution de l\u2019incidence, de la pr\u00e9valence et de la survie des cancers en France. Il est impliqu\u00e9 dans les travaux [&hellip;]","og_url":"https:\/\/registre-tumeurs-29.fr\/Accueil\/axes-de-recherche-du-registre\/","og_site_name":"REGISTRE DES TUMEURS DIGESTIVES DU FINISTERE","article_modified_time":"2024-06-19T09:21:36+00:00","twitter_card":"summary_large_image","twitter_misc":{"Dur\u00e9e de lecture estim\u00e9e":"4 minutes"},"schema":{"@context":"https:\/\/schema.org","@graph":[{"@type":"WebPage","@id":"https:\/\/registre-tumeurs-29.fr\/Accueil\/axes-de-recherche-du-registre\/","url":"https:\/\/registre-tumeurs-29.fr\/Accueil\/axes-de-recherche-du-registre\/","name":"Axes de recherche du Registre - REGISTRE DES TUMEURS DIGESTIVES DU FINISTERE","isPartOf":{"@id":"https:\/\/registre-tumeurs-29.fr\/Accueil\/#website"},"datePublished":"2022-07-16T08:38:04+00:00","dateModified":"2024-06-19T09:21:36+00:00","breadcrumb":{"@id":"https:\/\/registre-tumeurs-29.fr\/Accueil\/axes-de-recherche-du-registre\/#breadcrumb"},"inLanguage":"fr-FR","potentialAction":[{"@type":"ReadAction","target":["https:\/\/registre-tumeurs-29.fr\/Accueil\/axes-de-recherche-du-registre\/"]}]},{"@type":"BreadcrumbList","@id":"https:\/\/registre-tumeurs-29.fr\/Accueil\/axes-de-recherche-du-registre\/#breadcrumb","itemListElement":[{"@type":"ListItem","position":1,"name":"Accueil","item":"https:\/\/registre-tumeurs-29.fr\/Accueil\/"},{"@type":"ListItem","position":2,"name":"Axes de recherche du Registre"}]},{"@type":"WebSite","@id":"https:\/\/registre-tumeurs-29.fr\/Accueil\/#website","url":"https:\/\/registre-tumeurs-29.fr\/Accueil\/","name":"REGISTRE DES TUMEURS DIGESTIVES DU FINISTERE","description":"Equipe d&#039;Accueil EA 7479 SPURBO - Soins Primaires, Sant\u00e9 Publique et Registre des cancers de Bretagne Occidentale","potentialAction":[{"@type":"SearchAction","target":{"@type":"EntryPoint","urlTemplate":"https:\/\/registre-tumeurs-29.fr\/Accueil\/?s={search_term_string}"},"query-input":{"@type":"PropertyValueSpecification","valueRequired":true,"valueName":"search_term_string"}}],"inLanguage":"fr-FR"}]}},"jetpack_sharing_enabled":true,"_links":{"self":[{"href":"https:\/\/registre-tumeurs-29.fr\/Accueil\/wp-json\/wp\/v2\/pages\/2099","targetHints":{"allow":["GET"]}}],"collection":[{"href":"https:\/\/registre-tumeurs-29.fr\/Accueil\/wp-json\/wp\/v2\/pages"}],"about":[{"href":"https:\/\/registre-tumeurs-29.fr\/Accueil\/wp-json\/wp\/v2\/types\/page"}],"author":[{"embeddable":true,"href":"https:\/\/registre-tumeurs-29.fr\/Accueil\/wp-json\/wp\/v2\/users\/1"}],"replies":[{"embeddable":true,"href":"https:\/\/registre-tumeurs-29.fr\/Accueil\/wp-json\/wp\/v2\/comments?post=2099"}],"version-history":[{"count":13,"href":"https:\/\/registre-tumeurs-29.fr\/Accueil\/wp-json\/wp\/v2\/pages\/2099\/revisions"}],"predecessor-version":[{"id":2323,"href":"https:\/\/registre-tumeurs-29.fr\/Accueil\/wp-json\/wp\/v2\/pages\/2099\/revisions\/2323"}],"wp:attachment":[{"href":"https:\/\/registre-tumeurs-29.fr\/Accueil\/wp-json\/wp\/v2\/media?parent=2099"}],"curies":[{"name":"wp","href":"https:\/\/api.w.org\/{rel}","templated":true}]}}

<div class="wp-block-group"><div class="wp-block-group__inner-container is-layout-flow wp-block-group-is-layout-flow">
<div class="wp-block-group"><div class="wp-block-group__inner-container is-layout-flow wp-block-group-is-layout-flow">
<p style="font-weight: 400; text-align: justify;">Le registre est un outil essentiel de Santé Publique, il contribue par différents biais à des retombées au niveau local et national. Il participe comme tous les registre du réseau FRANCIM à l’estimation régulière de l’évolution de l’incidence, de la prévalence et de la survie des cancers en France. Il est impliqué dans les travaux nationaux concernant les cancers digestifs.</p>



<p class="has-text-align-justify">Le registre développe ses activités en santé publique dans les domaines d’expertise tels que : le dépistage des cancers, la prise en charge et l’évaluation des soins, les facteurs pronostiques et théranostiques notamment grâce aux liens étroits créés avec les cliniciens des services d’hépato-gastro-entérologie, d’anatomo-pathologie et de chirurgie viscérale. </p>
</div></div>
</div></div>



<p class="has-text-align-justify has-light-gray-background-color has-text-color has-background" style="color:#ff0000"><strong>Evaluation des campagnes dépistage du cancer colo-rectal</strong></p>



<div class="wp-block-group"><div class="wp-block-group__inner-container is-layout-flow wp-block-group-is-layout-flow">
<div class="wp-block-group"><div class="wp-block-group__inner-container is-layout-flow wp-block-group-is-layout-flow">
<p class="has-text-align-justify">En ce qui concerne l&rsquo;évaluation du dépistage, une des perspectives du registre est la création d&rsquo;un groupe de travail entre le CRCDC et le Registre afin de faciliter les projets et le croisement des données entre nos deux organismes, dans le but d&rsquo;évaluer et de promouvoir le dépistage du cancer colorectal en montrant l&rsquo;impact du DO sur la survie. Une convention a été réalisée entre nos 2 structures. </p>



<ul class="wp-block-list"></ul>
</div></div>
</div></div>



<p class="has-light-gray-background-color has-text-color has-background" style="color:#f80000"><strong>Evaluation des soins et la prise en charge des patients atteints de cancers</strong></p>



<div class="wp-block-group"><div class="wp-block-group__inner-container is-layout-flow wp-block-group-is-layout-flow">
<p class="has-text-align-justify">Les perspectives de travaux concernant l&rsquo;évaluation des soins, au niveau départemental, plusieurs études sont en cours :</p>



<ul class="wp-block-list">
<li>Une étude sur les facteurs histopathologiques prédictifs d&rsquo;envahissement ganglionnaire et des pratiques de prise en charge des cancers colorectaux pT1 traités endoscopiquement dans le département du Finistère entre 2009 et 2020</li>



<li>Une étude sur l&rsquo;impact du passage en réunion de concertation pluri-disciplinaire dans la prise en charge des tumeurs superficielles traitées par résection endoscopique entre 2018 et 2022</li>



<li>Une étude en partenariat avec le service de chirurgie sur les patients opérés d&rsquo;un cancer par gastrectomie totale entre 2009 et 2019</li>



<li>Une étude de survie en population générale des malades ayant un carcinome hépatocellulaire diagnostiqué entre 2005 et 2020</li>
</ul>
</div></div>



<p class="has-light-gray-background-color has-text-color has-background" style="color:#f70000"><strong>Facteurs pronostiques et théranostiques</strong>&nbsp;</p>



<p class="has-text-align-justify">Concernant les facteurs théranostiques, le Registre continue de collaborer avec le service d&rsquo;anatomopathologie du Chru Brest sur un travail portant sur les approches de deep learning appliquées à l&rsquo;analyse des lames histopathologiques numérisées annotées et couplées à des données de survie des patients pour l&rsquo;étude du microenvironnement tumoral dans le cancer colorectal. </p>


<p><!-- /wp:themeisle-blocks/advanced-column --></p>
<p><!-- wp:themeisle-blocks/advanced-column {"id":"wp-block-themeisle-blocks-advanced-column-db72c419","columnWidth":"24.20"} --></p>
<p><!-- /wp:themeisle-blocks/advanced-column --></p>
<p><!-- /wp:themeisle-blocks/advanced-columns --></p>

<p>Le registre est un outil essentiel de Santé Publique, il contribue par différents biais à des retombées au niveau local et national. Il participe comme tous les registre du réseau FRANCIM à l’estimation régulière de l’évolution de l’incidence, de la prévalence et de la survie des cancers en France. Il est impliqué dans les travaux [&hellip;]</p>

<!-- This site is optimized with the Yoast SEO plugin v26.8 - https://yoast.com/product/yoast-seo-wordpress/ -->
<title>Axes de recherche du Registre - REGISTRE DES TUMEURS DIGESTIVES DU FINISTERE</title>
<meta name="robots" content="index, follow, max-snippet:-1, max-image-preview:large, max-video-preview:-1" />
<link rel="canonical" href="https://registre-tumeurs-29.fr/Accueil/axes-de-recherche-du-registre/" />
<meta property="og:locale" content="fr_FR" />
<meta property="og:type" content="article" />
<meta property="og:title" content="Axes de recherche du Registre - REGISTRE DES TUMEURS DIGESTIVES DU FINISTERE" />
<meta property="og:description" content="Le registre est un outil essentiel de Santé Publique, il contribue par différents biais à des retombées au niveau local et national. Il participe comme tous les registre du réseau FRANCIM à l’estimation régulière de l’évolution de l’incidence, de la prévalence et de la survie des cancers en France. Il est impliqué dans les travaux [&hellip;]" />
<meta property="og:url" content="https://registre-tumeurs-29.fr/Accueil/axes-de-recherche-du-registre/" />
<meta property="og:site_name" content="REGISTRE DES TUMEURS DIGESTIVES DU FINISTERE" />
<meta property="article:modified_time" content="2024-06-19T09:21:36+00:00" />
<meta name="twitter:card" content="summary_large_image" />
<meta name="twitter:label1" content="Durée de lecture estimée" />
	<meta name="twitter:data1" content="4 minutes" />
<script type="application/ld+json" class="yoast-schema-graph">{"@context":"https://schema.org","@graph":[{"@type":"WebPage","@id":"https://registre-tumeurs-29.fr/Accueil/axes-de-recherche-du-registre/","url":"https://registre-tumeurs-29.fr/Accueil/axes-de-recherche-du-registre/","name":"Axes de recherche du Registre - REGISTRE DES TUMEURS DIGESTIVES DU FINISTERE","isPartOf":{"@id":"https://registre-tumeurs-29.fr/Accueil/#website"},"datePublished":"2022-07-16T08:38:04+00:00","dateModified":"2024-06-19T09:21:36+00:00","breadcrumb":{"@id":"https://registre-tumeurs-29.fr/Accueil/axes-de-recherche-du-registre/#breadcrumb"},"inLanguage":"fr-FR","potentialAction":[{"@type":"ReadAction","target":["https://registre-tumeurs-29.fr/Accueil/axes-de-recherche-du-registre/"]}]},{"@type":"BreadcrumbList","@id":"https://registre-tumeurs-29.fr/Accueil/axes-de-recherche-du-registre/#breadcrumb","itemListElement":[{"@type":"ListItem","position":1,"name":"Accueil","item":"https://registre-tumeurs-29.fr/Accueil/"},{"@type":"ListItem","position":2,"name":"Axes de recherche du Registre"}]},{"@type":"WebSite","@id":"https://registre-tumeurs-29.fr/Accueil/#website","url":"https://registre-tumeurs-29.fr/Accueil/","name":"REGISTRE DES TUMEURS DIGESTIVES DU FINISTERE","description":"Equipe d&#039;Accueil EA 7479 SPURBO - Soins Primaires, Santé Publique et Registre des cancers de Bretagne Occidentale","potentialAction":[{"@type":"SearchAction","target":{"@type":"EntryPoint","urlTemplate":"https://registre-tumeurs-29.fr/Accueil/?s={search_term_string}"},"query-input":{"@type":"PropertyValueSpecification","valueRequired":true,"valueName":"search_term_string"}}],"inLanguage":"fr-FR"}]}</script>
<!-- / Yoast SEO plugin. -->

Le registre est un outil essentiel de Santé Publique, il contribue par différents biais à des retombées au niveau local et national. Il participe comme tous les registre du réseau FRANCIM à l’estimation régulière de l’évolution de l’incidence, de la prévalence et de la survie des cancers en France. Il est impliqué dans les travaux [&hellip;]

Equipe d&#039;Accueil EA 7479 SPURBO - Soins Primaires, Santé Publique et Registre des cancers de Bretagne Occidentale
